rue
Is 1182551 prime?
False
Is 76789819 a prime number?
False
Is 15778429 a prime number?
False
Is 2858893 prime?
True
Is 325370239 a prime number?
True
Is 9705767 a prime number?
True
Is 5442373 a composite number?
True
Is 3303233 composite?
True
Is 8282389 a composite number?
True
Is 35270273 a prime number?
True
Is 102566887 prime?
True
Is 4702349 composite?
False
Is 37342715 prime?
False
Is 56105509 prime?
False
Is 21381067 prime?
True
Is 7208621 a composite number?
True
Is 66274229 composite?
True
Is 35902166 prime?
False
Is 2243959 composite?
False
Is 381167 a prime number?
True
Is 8750227 a prime number?
True
Is 1487921 composite?
True
Is 1700479 a prime number?
False
Is 12856919 composite?
True
Is 26842799 prime?
True
Is 7286989 a composite number?
False
Is 131629789 a prime number?
True
Is 56776487 a prime number?
False
Is 46158445 prime?
False
Is 1734787 a composite number?
False
Is 15364101 a composite number?
True
Is 95291233 composite?
False
Is 485419 a prime number?
False
Is 9701465 prime?
False
Is 3449643 a composite number?
True
Is 27040373 a prime number?
True
Is 507261467 prime?
True
Is 679367 a composite number?
True
Is 285853027 a prime number?
True
Is 1220237 prime?
False
Is 160868663 prime?
False
Is 593891 a prime number?
False
Is 14107154 composite?
True
Is 51219977 prime?
False
Is 5854171 composite?
True
Is 2294263 composite?
True
Is 114712021 composite?
True
Is 4668913 prime?
False
Is 13038269 prime?
False
Is 30548711 composite?
True
Is 49467563 a prime number?
False
Is 604595 composite?
True
Is 9999919 a composite number?
True
Is 257587 a composite number?
True
Is 92215729 prime?
False
Is 2435451827 a composite number?
False
Is 115727 prime?
True
Is 27513437 a prime number?
False
Is 16913503 composite?
True
Is 2238827 a composite number?
True
Is 2277179 composite?
False
Is 172469467 a prime number?
False
Is 3580067 prime?
True
Is 706992757 composite?
True
Is 7472181 a prime number?
False
Is 4289099 a composite number?
False
Is 6126649 composite?
False
Is 1090567 composite?
True
Is 3342553 a composite number?
False
Is 9153967 prime?
False
Is 9303221 a prime number?
False
Is 201412427 a composite number?
True
Is 560563 composite?
True
Is 4670191 a prime number?
True
Is 139579 a prime number?
False
Is 29445863 composite?
False
Is 81295463 a prime number?
False
Is 26503387 composite?
True
Is 23803089 composite?
True
Is 3461662 a prime number?
False
Is 23232889 composite?
False
Is 131736697 a prime number?
False
Is 618217 a prime number?
False
Is 303923419 prime?
False
Is 537322 a composite number?
True
Is 182417 a composite number?
False
Is 156788029 a composite number?
False
Is 1667218229 a prime number?
True
Is 556373 a composite number?
False
Is 684701 a prime number?
False
Is 17981911 composite?
True
Is 28061243 a prime number?
False
Is 30352337 prime?
True
Is 172792093 a prime number?
False
Is 9065449 prime?
True
Is 408293 prime?
False
Is 46041079 prime?
False
Is 209088821 a composite number?
False
Is 141362587 composite?
False
Is 614923709 prime?
True
Is 3155429 composite?
False
Is 18378169 prime?
True
Is 456809 a prime number?
True
Is 17805481 a composite number?
False
Is 570461 a composite number?
False
Is 161475997 prime?
False
Is 5753299 a prime number?
True
Is 2711749 a prime number?
False
Is 9037169 prime?
True
Is 46136063 prime?
True
Is 136717 prime?
False
Is 35136223 a composite number?
True
Is 326377 a prime number?
False
Is 8426261 a prime number?
True
Is 1124783785 prime?
False
Is 12231059 composite?
False
Is 2206283 a composite number?
False
Is 191301587 a prime number?
True
Is 7675249 prime?
False
Is 21156479 prime?
False
Is 27622757 composite?
True
Is 83144582 a composite number?
True
Is 10238161 prime?
False
Is 379882351 a prime number?
False
Is 57230599 prime?
True
Is 5941 a composite number?
True
Is 333351247 a composite number?
True
Is 34888687 prime?
False
Is 74776099 composite?
False
Is 16592131 prime?
False
Is 1477391 a prime number?
False
Is 756573193 a composite number?
True
Is 188773723 composite?
True
Is 38946419 a composite number?
True
Is 9449179 composite?
True
Is 9084629 composite?
True
Is 1850671 a prime number?
False
Is 4997143 composite?
True
Is 9945841 composite?
False
Is 5302853 a composite number?
True
Is 935791 a composite number?
False
Is 1351853 a composite number?
False
Is 2386661 composite?
False
Is 354963709 composite?
False
Is 1307909 a composite number?
False
Is 95577371 a prime number?
False
Is 4999535 a prime number?
False
Is 12894197 prime?
True
Is 82904053 a prime number?
False
Is 4444943 prime?
True
Is 40055443 prime?
False
Is 604519657 a prime number?
False
Is 25856561 a prime number?
True
Is 1990433 a prime number?
True
Is 3576509 a prime number?
True
Is 517189 a composite number?
False
Is 2856653 prime?
True
Is 102220838 a prime number?
False
Is 10575899 a prime number?
False
Is 149961499 a composite number?
False
Is 39529949 composite?
True
Is 54361943 composite?
False
Is 1650601 a composite number?
False
Is 2072953 prime?
True
Is 157300271 a prime number?
True
Is 6565549 composite?
True
Is 8850453 composite?
True
Is 62007631 prime?
False
Is 48828523 a prime number?
False
Is 55335469 a composite number?
True
Is 7422827 composite?
False
Is 3304474 a composite number?
True
Is 1023103 prime?
False
Is 56774129 a composite number?
False
Is 853487 composite?
True
Is 23570929 a prime number?
False
Is 9493909 a prime number?
True
Is 512687033 a composite number?
False
Is 7467401 a composite number?
False
Is 14058323 a composite number?
False
Is 4485709 a composite number?
True
Is 4096445 prime?
False
Is 21074335 prime?
False
Is 511564369 a composite number?
False
Is 459103283 a prime number?
True
Is 7961227 a prime number?
True
Is 81795649 composite?
True
Is 11774521 prime?
False
Is 2184779 prime?
True
Is 2697461 composite?
True
Is 136544819 a composite number?
False
Is 25574599 prime?
True
Is 1989979 a composite number?
False
Is 3604169 prime?
False
Is 303930959 a composite number?
False
Is 2707699 a prime number?
True
Is 5268539 prime?
True
Is 9100669 prime?
True
Is 550664623 composite?
True
Is 476963 prime?
False
Is 426271 a composite number?
True
Is 44304277 prime?
False
Is 137735677 prime?
False
Is 17639449 prime?
False
Is 4499203 composite?
True
Is 72924853 prime?
True
Is 36311969 prime?
False
Is 2024689 a composite number?
False
Is 121496803 a prime number?
True
Is 99145639 prime?
True
Is 1839833 prime?
True
Is 7691773 prime?
True
Is 4016093 prime?
True
Is 95379799 composite?
False
Is 3292853 a composite number?
True
Is 24120827 composite?
True
Is 4097917 composite?
False
Is 107629 a composite number?
True
Is 8929211 composite?
False
Is 42384217 composite?
False
Is 17472149 prime?
True
Is 34532769 a composite number?
True
Is 82633021 prime?
True
Is 55364123 a prime number?
False
Is 42142231 composite?
True
Is 178497541 a composite number?
False
Is 2159999 a composite number?
True
Is 1512019 a prime number?
True
Is 13391797 prime?
True
Is 3250901 prime?
True
Is 3195461 a composite number?
False
Is 82939 a composite number?
False
Is 3932899 composite?
True
Is 44063567 a prime number?
False
Is 8721543 prime?
False
Is 65144399 a prime number?
True
Is 77820107 a composite number?
False
Is 303072397 a composite number?
False
Is 64109471 a composite number?
False
Is 2172653 prime?
False
Is 17207161 composite?
False
Is 26856533 a prime number?
False
Is 11997241 prime?
False
Is 708693803 a composite number?
False
Is 17109113 a composite number?
True
Is 118661873 composite?
True
Is 85135 prime?
False
Is 4665281 prime?
True
Is 36491902 a prime number?
False
Is 10606571 prime?
True
Is 1878521 a prime number?
False
Is 17192501 composite?
False
Is 115371931 prime?
True
Is 64063861 a composite number?
False
Is 198443 composite?
True
Is 11972491 a prime number?
True
Is 2603537 a prime number?
True
Is 237225719 composite?
False
Is 49781 prime?
False
Is 16274527 prime?
False
Is 340761571 prime?
False
Is 63790439 prime?
True
Is 194486077 prime?
False
Is 29094727 composite?
False
Is 9660701 composite?
False
Is 43548643 composite?
False
Is 130562101 composite?
True
Is 160399 a composite number?
True
Is 30991099 a prime number?
False
Is 14365283 prime?
True
Is 39123281 prime?
False
